{"id":129,"date":"2015-10-26T20:16:14","date_gmt":"2015-10-26T20:16:14","guid":{"rendered":"https:\/\/dzalapitvany.hu\/?page_id=129"},"modified":"2017-07-10T19:37:16","modified_gmt":"2017-07-10T19:37:16","slug":"gallery","status":"publish","type":"page","link":"https:\/\/dzalapitvany.hu\/eng\/gallery\/","title":{"rendered":"GALLERY"},"content":{"rendered":"<p>[vc_row][vc_column][vc_column_text]<br \/>\n[\/vc_column_text][\/vc_column][\/vc_row][vc_row][vc_column width=&#8221;1\/2&#8243;][vc_single_image image=&#8221;535&#8243; img_size=&#8221;400&#215;300&#8243; alignment=&#8221;center&#8221; onclick=&#8221;custom_link&#8221; css_animation=&#8221;top-to-bottom&#8221; link=&#8221;https:\/\/dzalapitvany.hu\/tokaji-borvideki-emlekpark-paracelsus-szobranak-avatoja-2016\/&#8221;][vc_column_text css_animation=&#8221;top-to-bottom&#8221;]<\/p>\n<p style=\"text-align: center;\">MEMORIAL PARK INAUGURATION 2016 \u2013 PARACELSUS STATUE<\/p>\n<p>[\/vc_column_text][\/vc_column][vc_column width=&#8221;1\/2&#8243;][vc_single_image image=&#8221;164&#8243; img_size=&#8221;400&#215;300&#8243; alignment=&#8221;center&#8221; css_animation=&#8221;top-to-bottom&#8221;][vc_column_text css_animation=&#8221;top-to-bottom&#8221;]<\/p>\n<p style=\"text-align: center;\">Fot\u00f3p\u00e1ly\u00e1zat 2015 \u2022 A borvid\u00e9k foly\u00f3ja a BODROG<\/p>\n<p>[\/vc_column_text][\/vc_column][\/vc_row][vc_row][vc_column width=&#8221;1\/2&#8243;][vc_single_image image=&#8221;156&#8243; img_size=&#8221;400&#215;300&#8243; alignment=&#8221;center&#8221; onclick=&#8221;custom_link&#8221; css_animation=&#8221;top-to-bottom&#8221; link=&#8221;https:\/\/dzalapitvany.hu\/tokaji-borvideki-emlekpark-dr-szabo-jozsef-szobranak-avatoja-2015\/&#8221;][vc_column_text css_animation=&#8221;top-to-bottom&#8221;]<\/p>\n<p style=\"text-align: center;\">MEMORIAL PARK INAUGURATION 2015 \u2013 DR. J\u00d3ZSEF SZAB\u00d3 STATUE<\/p>\n<p>[\/vc_column_text][\/vc_column][vc_column width=&#8221;1\/2&#8243;][vc_single_image image=&#8221;113&#8243; img_size=&#8221;400&#215;300&#8243; alignment=&#8221;center&#8221; css_animation=&#8221;top-to-bottom&#8221;][vc_column_text css_animation=&#8221;top-to-bottom&#8221;]<\/p>\n<p style=\"text-align: center;\">privateTALK FOR TOKAJ 2014<\/p>\n<p>[\/vc_column_text][\/vc_column][\/vc_row][vc_row][vc_column width=&#8221;1\/2&#8243;][vc_single_image image=&#8221;166&#8243; img_size=&#8221;400&#215;300&#8243; alignment=&#8221;center&#8221; css_animation=&#8221;top-to-bottom&#8221;][vc_column_text css_animation=&#8221;top-to-bottom&#8221;]<\/p>\n<p style=\"text-align: center;\">Fot\u00f3p\u00e1ly\u00e1zat 2014 \u2022 A borvid\u00e9k f\u0151v\u00e1rosa TOKAJ<\/p>\n<p>[\/vc_column_text][\/vc_column][vc_column width=&#8221;1\/2&#8243;][\/vc_column][\/vc_row]<\/p>\n","protected":false},"excerpt":{"rendered":"<p>[vc_row][vc_column][vc_column_text] [\/vc_column_text][\/vc_column][\/vc_row][vc_row][vc_column width=&#8221;1\/2&#8243;][vc_single_image image=&#8221;535&#8243; img_size=&#8221;400&#215;300&#8243; alignment=&#8221;center&#8221; onclick=&#8221;custom_link&#8221; css_animation=&#8221;top-to-bottom&#8221; link=&#8221;https:\/\/dzalapitvany.hu\/tokaji-borvideki-emlekpark-paracelsus-szobranak-avatoja-2016\/&#8221;][vc_column_text css_animation=&#8221;top-to-bottom&#8221;] MEMORIAL PARK INAUGURATION 2016 \u2013 PARACELSUS STATUE [\/vc_column_text][\/vc_column][vc_column width=&#8221;1\/2&#8243;][vc_single_image image=&#8221;164&#8243; img_size=&#8221;400&#215;300&#8243; alignment=&#8221;center&#8221; css_animation=&#8221;top-to-bottom&#8221;][vc_column_text css_animation=&#8221;top-to-bottom&#8221;] Fot\u00f3p\u00e1ly\u00e1zat 2015 \u2022 A borvid\u00e9k foly\u00f3ja a BODROG [\/vc_column_text][\/vc_column][\/vc_row][vc_row][vc_column width=&#8221;1\/2&#8243;][vc_single_image image=&#8221;156&#8243; img_size=&#8221;400&#215;300&#8243; alignment=&#8221;center&#8221; onclick=&#8221;custom_link&#8221; css_animation=&#8221;top-to-bottom&#8221; link=&#8221;https:\/\/dzalapitvany.hu\/tokaji-borvideki-emlekpark-dr-szabo-jozsef-szobranak-avatoja-2015\/&#8221;][vc_column_text css_animation=&#8221;top-to-bottom&#8221;] MEMORIAL PARK INAUGURATION 2015 \u2013 DR. J\u00d3ZSEF SZAB\u00d3 STATUE [\/vc_column_text][\/vc_column][vc_column width=&#8221;1\/2&#8243;][vc_single_image image=&#8221;113&#8243; img_size=&#8221;400&#215;300&#8243; alignment=&#8221;center&#8221; &hellip; <a href=\"https:\/\/dzalapitvany.hu\/eng\/gallery\/\" class=\"more-link\"><span class=\"screen-reader-text\">GALLERY<\/span> r\u00e9szletei&#8230;<\/a><\/p>\n","protected":false},"author":1,"featured_media":0,"parent":0,"menu_order":0,"comment_status":"open","ping_status":"open","template":"","meta":[],"_links":{"self":[{"href":"https:\/\/dzalapitvany.hu\/eng\/wp-json\/wp\/v2\/pages\/129"}],"collection":[{"href":"https:\/\/dzalapitvany.hu\/eng\/wp-json\/wp\/v2\/pages"}],"about":[{"href":"https:\/\/dzalapitvany.hu\/eng\/wp-json\/wp\/v2\/types\/page"}],"author":[{"embeddable":true,"href":"https:\/\/dzalapitvany.hu\/eng\/wp-json\/wp\/v2\/users\/1"}],"replies":[{"embeddable":true,"href":"https:\/\/dzalapitvany.hu\/eng\/wp-json\/wp\/v2\/comments?post=129"}],"version-history":[{"count":0,"href":"https:\/\/dzalapitvany.hu\/eng\/wp-json\/wp\/v2\/pages\/129\/revisions"}],"wp:attachment":[{"href":"https:\/\/dzalapitvany.hu\/eng\/wp-json\/wp\/v2\/media?parent=129"}],"curies":[{"name":"wp","href":"https:\/\/api.w.org\/{rel}","templated":true}]}}

<p>[vc_row][vc_column][vc_column_text]<br />
[/vc_column_text][/vc_column][/vc_row][vc_row][vc_column width=&#8221;1/2&#8243;][vc_single_image image=&#8221;535&#8243; img_size=&#8221;400&#215;300&#8243; alignment=&#8221;center&#8221; onclick=&#8221;custom_link&#8221; css_animation=&#8221;top-to-bottom&#8221; link=&#8221;https://dzalapitvany.hu/tokaji-borvideki-emlekpark-paracelsus-szobranak-avatoja-2016/&#8221;][vc_column_text css_animation=&#8221;top-to-bottom&#8221;]</p>
<p style="text-align: center;">MEMORIAL PARK INAUGURATION 2016 – PARACELSUS STATUE</p>
<p>[/vc_column_text][/vc_column][vc_column width=&#8221;1/2&#8243;][vc_single_image image=&#8221;164&#8243; img_size=&#8221;400&#215;300&#8243; alignment=&#8221;center&#8221; css_animation=&#8221;top-to-bottom&#8221;][vc_column_text css_animation=&#8221;top-to-bottom&#8221;]</p>
<p style="text-align: center;">Fotópályázat 2015 • A borvidék folyója a BODROG</p>
<p>[/vc_column_text][/vc_column][/vc_row][vc_row][vc_column width=&#8221;1/2&#8243;][vc_single_image image=&#8221;156&#8243; img_size=&#8221;400&#215;300&#8243; alignment=&#8221;center&#8221; onclick=&#8221;custom_link&#8221; css_animation=&#8221;top-to-bottom&#8221; link=&#8221;https://dzalapitvany.hu/tokaji-borvideki-emlekpark-dr-szabo-jozsef-szobranak-avatoja-2015/&#8221;][vc_column_text css_animation=&#8221;top-to-bottom&#8221;]</p>
<p style="text-align: center;">MEMORIAL PARK INAUGURATION 2015 – DR. JÓZSEF SZABÓ STATUE</p>
<p>[/vc_column_text][/vc_column][vc_column width=&#8221;1/2&#8243;][vc_single_image image=&#8221;113&#8243; img_size=&#8221;400&#215;300&#8243; alignment=&#8221;center&#8221; css_animation=&#8221;top-to-bottom&#8221;][vc_column_text css_animation=&#8221;top-to-bottom&#8221;]</p>
<p style="text-align: center;">privateTALK FOR TOKAJ 2014</p>
<p>[/vc_column_text][/vc_column][/vc_row][vc_row][vc_column width=&#8221;1/2&#8243;][vc_single_image image=&#8221;166&#8243; img_size=&#8221;400&#215;300&#8243; alignment=&#8221;center&#8221; css_animation=&#8221;top-to-bottom&#8221;][vc_column_text css_animation=&#8221;top-to-bottom&#8221;]</p>
<p style="text-align: center;">Fotópályázat 2014 • A borvidék fővárosa TOKAJ</p>
<p>[/vc_column_text][/vc_column][vc_column width=&#8221;1/2&#8243;][/vc_column][/vc_row]</p>

<p>[vc_row][vc_column][vc_column_text] [/vc_column_text][/vc_column][/vc_row][vc_row][vc_column width=&#8221;1/2&#8243;][vc_single_image image=&#8221;535&#8243; img_size=&#8221;400&#215;300&#8243; alignment=&#8221;center&#8221; onclick=&#8221;custom_link&#8221; css_animation=&#8221;top-to-bottom&#8221; link=&#8221;https://dzalapitvany.hu/tokaji-borvideki-emlekpark-paracelsus-szobranak-avatoja-2016/&#8221;][vc_column_text css_animation=&#8221;top-to-bottom&#8221;] MEMORIAL PARK INAUGURATION 2016 – PARACELSUS STATUE [/vc_column_text][/vc_column][vc_column width=&#8221;1/2&#8243;][vc_single_image image=&#8221;164&#8243; img_size=&#8221;400&#215;300&#8243; alignment=&#8221;center&#8221; css_animation=&#8221;top-to-bottom&#8221;][vc_column_text css_animation=&#8221;top-to-bottom&#8221;] Fotópályázat 2015 • A borvidék folyója a BODROG [/vc_column_text][/vc_column][/vc_row][vc_row][vc_column width=&#8221;1/2&#8243;][vc_single_image image=&#8221;156&#8243; img_size=&#8221;400&#215;300&#8243; alignment=&#8221;center&#8221; onclick=&#8221;custom_link&#8221; css_animation=&#8221;top-to-bottom&#8221; link=&#8221;https://dzalapitvany.hu/tokaji-borvideki-emlekpark-dr-szabo-jozsef-szobranak-avatoja-2015/&#8221;][vc_column_text css_animation=&#8221;top-to-bottom&#8221;] MEMORIAL PARK INAUGURATION 2015 – DR. JÓZSEF SZABÓ STATUE [/vc_column_text][/vc_column][vc_column width=&#8221;1/2&#8243;][vc_single_image image=&#8221;113&#8243; img_size=&#8221;400&#215;300&#8243; alignment=&#8221;center&#8221; &hellip; <a href="https://dzalapitvany.hu/eng/gallery/" class="more-link"><span class="screen-reader-text">GALLERY</span> részletei&#8230;</a></p>
